 + 7. Let t be (176/s)/((-4)/(-14)). Calculate the highest common factor of t and 33.
11
Let g = -3295 + 3525. What is the greatest common factor of g and 15?
5
Let w(r) = 107*r + 65. Let i be w(8). Let f = 944 - i. Calculate the highest common divisor of 23 and f.
23
Suppose -2*k - 5*f + 4 = 0, -24*f - 28 = 2*k - 27*f. Let r(g) = g**3 + 16*g**2 + 53*g + 8. Let n be r(k). What is the highest common divisor of n and 120?
24
Let x = -2151 + 9465. What is the highest common factor of 138 and x?
138
Let w be (0 - 20/25)*-60. Let x be w/22 + -2 - (-2694)/66. Suppose -4*a = -x - 3. What is the highest common factor of 77 and a?
11
Let z be ((-22)/(-55))/(8/260). Let v be ((-6)/(-9))/(2 - 152/78). What is the highest common divisor of v and z?
13
Let m(b) = 6*b**2 - 2*b + 2. Let g be m(-7). Let q be (-37 - (0 - -25))*-1. What is the highest common factor of g and q?
62
Let o be (-5)/((-42256)/3520 - -12). What is the highest common factor of o and 200?
100
Let a(o) = -13*o + 72. Let r be a(-8). Let t = r + -120. What is the highest common factor of 168 and t?
56
Let t = 39 - 34. Suppose 0 = -t*f + 14 + 11. Suppose -3*c = -2*k + 31 + f, 2*k - 40 = 2*c. What is the greatest common divisor of k and 60?
12
Let w(n) = 347*n + 53. Let k be w(2). Calculate the highest common divisor of k and 166.
83
Suppose 3*t + 4*b - 362 = 1714, 0 = -5*t - b + 3477. Calculate the highest common divisor of t and 80.
8
Suppose 419 = g - 425*o + 420*o, 0 = o + 1. Calculate the highest common factor of g and 184.
46
Suppose 2*z - 6*z + 256 = -4*x, -2*x = -z + 123. Let f = x - -65. What is the highest common divisor of f and 6?
6
Let v be 204/15 + 6/(-10). Let h = v + -5. Suppose 33*d = 14*d + 304. Calculate the highest common factor of d and h.
8
Suppose -2*d = 4*q - 6, 5*q - 14*d = -12*d + 30. Suppose q*y = -10*y + 672. What is the highest common divisor of 64 and y?
16
Let s(o) = -4*o + 56. Let i be s(29). Let x be (72/i)/(3/(-440)). Calculate the highest common divisor of x and 11.
11
Let g be -3 + 1/1 - (-6 + 3). Let h be (g + -26)*10/(-25). Suppose 0 = d - x - 14, -5*x - h = -0*d + d. What is the highest common factor of 2 and d?
2
Let c(t) = 28*t + 185. Let l be c(-13). Let a = l - -239. Suppose -2*g - s + 26 = 0, -3*g - 8 + 37 = 4*s. What is the greatest common factor of a and g?
15
Let f(v) = -2*v**3 - 17*v**2 - 20*v + 15. Let g be f(-7). Let s be 99/12*(320/15)/g. Calculate the highest common divisor of 99 and s.
11
Let j be ((-30)/9 + 3)*-1425. Let k(a) = 52*a + 493. Let n be k(-9). Calculate the greatest common factor of j and n.
25
Let v(t) = -18*t + 2*t**2 + 6*t**2 + t + 12*t**3 - 2*t**2 - 11*t**3 - 7. Let h be v(-8). What is the greatest common factor of h and 67?
1
Let o = -230 + 257. Let z = 111 + -297. Let c be (z - 12/4)*-1. Calculate the highest common factor of c and o.
27
Suppose -58*d + 36671 = 34119. Let s(c) = -c**2 - 5*c + 4. Let a be s(-6). Let x be (a - (-16)/(-3))*-3. What is the greatest common factor of d and x?
22
Let a be ((-2)/(-8))/((-1)/(-12)). Suppose -4*m = 4*w + 16, 2*w + a*w = 4*m + 16. Suppose w = -7*i + 16 + 12. What is the highest common factor of i and 4?
4
Suppose -4*q - 904 = -3*o, 29 + 35 = 8*q. Calculate the highest common divisor of 260 and o.
52
Suppose -236*z + 306*z = 56840. Calculate the greatest common divisor of 56 and z.
28
Let h be 143792/3135 - ((-28)/(-15) + -2). What is the greatest common divisor of 1380 and h?
46
Suppose 3*m - 117 = -2*r, 5*r - 312 = -4*m + 3*m. What is the highest common factor of r and 1029?
21
Suppose -5*z - 28 = -2*i - 7, 2*z = -2*i + 14. Suppose -5*n + i = -n. Suppose 5*q - n*g - 986 = -g, 20 = 5*g. Calculate the greatest common divisor of 18 and q.
18
Suppose -9060 = -169*b - 18393 + 123408. Calculate the greatest common divisor of 120 and b.
15
Let j = -260 - -244. Let h be 36/j*3*-12. What is the greatest common divisor of 3 and h?
3
Suppose -432*k = -494*k + 9176. What is the greatest common factor of 12 and k?
4
Let a(q) = -q**2 + 38*q - 155. Let r be a(20). What is the highest common factor of r and 287?
41
Let p be 0 + 4 + (9 - 13). Suppose -c + 253 = 4*h, p*h - h + 62 = -c. Let z be 830/40 + 2/8. What is the highest common divisor of z and h?
21
Let y(i) = 106*i - 11746. Let u be y(139). Calculate the highest common divisor of 180 and u.
36
Suppose 191911 - 867751 = 4*h - 34*h. What is the greatest common divisor of h and 176?
176
Let r = -504 + 1386. Calculate the greatest common factor of 162 and r.
18
Let l = -140 + 11. Let v = -114 - l. Let p be (-3)/v - 362/(-10). Calculate the highest common divisor of p and 36.
36
Let o be 1 + (-108)/5 - (-48)/80. Let i be (-8)/o - (158/5)/(-1). Calculate the highest common divisor of i and 128.
32
Suppose -s - 18*s = -10*s - 3321. Calculate the greatest common divisor of 63 and s.
9
Let v(u) = -3*u - 9. Let d be v(-4). Suppose -k - h = -30, k + d*h = 6*k - 174. What is the greatest common factor of 231 and k?
33
Let n(g) = 3*g**2 - 62*g + 1759. Let l be n(43). What is the highest common divisor of l and 435?
145
Suppose t - 200 = -4*t. Let u = 312 - 185. Suppose -8*i + u = 47. What is the highest common factor of t and i?
10
Let c be (-23 + -1)*(-30)/9. Let u = 1356369 + -1356309. What is the highest common factor of u and c?
20
Let s = 11 - 8. Suppose 5*i - 1024 = -3*d, 2*d - 707 = -s*i - 92. Suppose 261 = 61*y - 52*y. What is the greatest common divisor of i and y?
29
Let g(t) = 5*t**2 - 57*t + 2305. Let m be g(26). Calculate the highest common divisor of m and 9.
9
Suppose -10*q = -11*q + 130. Let d be ((-2)/(-10))/(2/q). Suppose 4*l + 1 = d. Calculate the greatest common factor of l and 15.
3
Let b = -15049 + 15123. What is the highest common divisor of b and 15355?
37
Let l(u) = 4547*u**2 + 86*u + 66. Let x be l(-4). What is the greatest common factor of x and 94?
94
Suppose -s - 558 = -4*k, 3*k = 4*s + 126 + 286. Let q(a) = a + 1. Let i be q(4). What is the greatest common divisor of i and k?
5
Suppose 4*r + 2*u - 6*u + 652 = 0, -r - 161 = -2*u. Let x = r + 309. What is the greatest common factor of 32 and x?
16
Suppose 0*p = -p + 65. Suppose 5*j - 31 = -5*m - 196, -2*m - j = 71. Let w = m + p. Calculate the highest common divisor of w and 3.
3
Let h(q) be the second derivative of q**4/4 - 31*q**3/6 - 43*q**2 - 55*q - 1. Let j be h(13). Let d = 76 + 14. What is the highest common divisor of d and j?
18
Suppose 1390 = -3*s + 5*t, -2*s - 430 = 5*t + 530. Let d = s - -522. What is the highest common factor of d and 52?
52
Suppose 2*l + 14 = -7*z - 1, l - 15 = 4*z. Calculate the highest common divisor of 25 and l.
1
Let x be 21/6*(-20)/(-14). Let o(z) = 12 - x*z**2 - 4*z + 7*z**2 - 2 - 8*z. Let c be o(6). Calculate the highest common divisor of 230 and c.
10
Suppose 24*g = 2*h + 21*g - 465, 0 = 4*h - g - 955. What is the highest common divisor of h and 165?
15
Let v(u) = 8*u**2 + 17*u + u**3 + 5 - 27*u + 6*u. Let w be v(-8). Suppose 0 = 8*q - w - 67. Calculate the greatest common divisor of q and 65.
13
Suppose -3*a - y = -366, -248 = -0*a - 2*a - 2*y. Let t = -237 + a. Let z = -84 - t. What is the highest common divisor of 40 and z?
8
Suppose 0 = -59*i + 1335198 + 79150. Calculate the greatest common divisor of 104 and i.
52
Let w(o) = -42*o + 3675. Let i be w(87). Let z = 328 - 220. Suppose 5*j - z = 102. Calculate the greatest common divisor of i and j.
21
Let x be 1/(12/69*(-7)/(-532)). Suppose 3*r = -5*a + 547, -4*a - 32*r + x = -29*r. Calculate the greatest common divisor of 10 and a.
10
Let b be (-20)/(-2) + (-7)/((-21)/(-6)). Suppose b*h = 16 + 368. What is the highest common divisor of 432 and h?
48
Let a(l) = -2*l**2 - 11*l - 6. Suppose 0 = 3*w + 7 + 5. Let h be a(w). Let m be (-6)/(-1*-1*4/(-8)). What is the highest common divisor of m and h?
6
Let k = -62 + 66. Suppose -f = k*f - 110. Suppose 4*a - 16 = 2*z, -4*z + 3 = a + 17. Calculate the highest common divisor of f and a.
2
Let v(x) = 11 + x**2 - 7 - 12*x + 9. Suppose 46 = 5*w - 2*k, -3*w - 3*k + 6 + 51 = 0. Let z be v(w). Calculate the greatest common factor of 117 and z.
13
Suppose -2 = -2*s - 6, -s = a - 4. Let d be (a/4)/(4/168). Suppose 2*c + 6*i = 10*i + 2, 5*i - 47 = -3*c. What is the highest common divisor of c and d?
9
Let p be (10/15)/(2/18). Suppose 481 = p*d + 2